4985 - 3473. Calculate the greatest common factor of g and 84.
84
Suppose -8 = -2*v, -5*v = -3*k - 46 - 70. Let o be (-1)/2 - 4048/k. What is the highest common factor of 28 and o?
14
Suppose -3*d + a + 2 = 0, 20 = 5*a - 0. Suppose -1458 = 3*b - 6*b + 2*s, d*s = -3*b + 1446. What is the greatest common factor of b and 44?
44
Let v be 2*(5229/(-14))/9. Let i = 147 + v. Calculate the greatest common divisor of i and 288.
32
Let f be 2/(-8) - ((-99)/12 - -3). Let x be f/((-25)/2) + (-1080)/(-75). What is the highest common factor of 10 and x?
2
Let z = -3417 + 3821. Calculate the greatest common factor of z and 16.
4
Suppose 4*r = 2*y - 242 - 12, -319 = 5*r - 2*y. Let l = r - -77. What is the highest common factor of l and 192?
12
Let t(f) = f**3 + 45*f**2 + 8*f - 433. Let u be t(-43). Calculate the greatest common divisor of 254 and u.
127
Let n be 26178/9 + -9 + 496/48. What is the highest common factor of 30 and n?
30
Let s(i) = i**3 + 17*i**2 - 64*i - 26. Let q be s(-20). Suppose -q = 3*c - 5*c. Calculate the greatest common divisor of 297 and c.
27
Let m be (1/(-2)*1)/(-1)*0. Suppose 2*k + m*k = 10. Suppose -85 = -k*t + 15. Calculate the highest common factor of t and 20.
20
Suppose 0 = -116*a + 107*a + 27. Let q(k) = 9*k - 3. Let f be q(2). Calculate the greatest common divisor of a and f.
3
Let g(a) = 4*a**2 - 50*a - 2775. Let n be g(-30). Calculate the greatest common divisor of 375 and n.
75
Suppose 0 = 4*w - 12 - 56. Let a = 19 - w. Suppose 3*k - 342 = -3*b, 0*b - 2*b = -a*k + 220. Calculate the highest common factor of k and 28.
28
Let w = -2992 - -4148. Calculate the greatest common factor of w and 68.
68
Let w = -9837 + 16420. What is the highest common divisor of w and 29?
29
Let j(v) = 13 + 8 + 79 + 14*v. Let d be j(-6). Calculate the greatest common divisor of 56 and d.
8
Suppose -23*s - 13*s + 295 = -1685. What is the greatest common factor of 2255 and s?
55
Suppose -w - 9*j + 4*j = 209, -3*w - 653 = 2*j. Let o(x) = -16*x**2 + 24*x + 105. Let a be o(6). Let z = w - a. What is the greatest common divisor of z and 36?
36
Let t(p) = -619*p + 1907. Let k be t(3). What is the greatest common factor of 545 and k?
5
Let x = -4 + -12. Let r = x + 121. Let q = -45 + r. Calculate the greatest common factor of 40 and q.
20
Let o(a) = -19*a - 1. Let l(y) = -2*y + 4. Let v be l(3). Let s be o(v). Let m = 16 - -58. Calculate the greatest common divisor of m and s.
37
Suppose 50*q - 6524 - 4276 = 0. Suppose 359 = 23*g - q. What is the highest common divisor of g and 15?
5
Let s be 6 + ((-124)/(-558) - (-2804)/18). Calculate the greatest common factor of 3942 and s.
54
Let z(s) = s**3 + 7*s**2 + 7*s + 6. Let c be z(-6). Suppose 6*t + 6*t - 540 = c. What is the highest common factor of 585 and t?
45
Let f(l) = -l**3 + 12*l**2 + 4*l - 3. Let r be f(7). Let q be ((-9)/(-2) + -4)*-4. Let v be (r/q + 0)/(-1). Calculate the greatest common factor of v and 54.
27
Suppose -2*s - 32 = 2*s. Let d be 4 - (s/(-4) - 1). Let b = d + 6. Calculate the greatest common divisor of 6 and b.
3
Let p be (1624/174)/(6/9). Suppose 5*k + 0*k - 140 = 0. Calculate the highest common divisor of p and k.
14
Let a be 4 - 12/8 - 6/(-4). Let x be (a/(16/6))/(6/8). Suppose 5*k - 8 = k, x*v + 4*k = 198. Calculate the greatest common factor of v and 38.
19
Suppose -133*d + 135047 = -324615 - 274498. What is the greatest common divisor of d and 20?
20
Let b be (-1)/(15/(-100))*3. Suppose -b + 62 = 6*o. Let q(z) = 3*z**2 - 18*z + 9. Let x be q(o). Calculate the highest common factor of x and 45.
15
Let v be (-1)/3 - (24/(-18) + -3). Suppose -4 + 64 = v*q. Suppose -3*z - 4*s + 448 = 14, 0 = -z - s + 146. Calculate the greatest common factor of q and z.
15
Let h(r) = r**2 - 12*r. Let u be h(-9). Suppose 0 = 5*f + n - 46, -2*f - 10 = -n - 27. What is the highest common factor of u and f?
9
Suppose 0 = 2*p - 77 + 17. Suppose -p - 24 = -6*x. Suppose -4*l - 4*a + x*a = -136, -4*a + 55 = l. What is the greatest common divisor of l and 3?
3
Let w = -12712 + 12744. Calculate the highest common factor of 1024 and w.
32
Let m be 0 + -44 + (-14)/(-7). Let w = 56 - 4. Let l = m + w. Calculate the greatest common divisor of 2 and l.
2
Let u = 51 + -52. Let w be 25/(-20)*(u - 3). Suppose -w*x + 42 = m, m - 5*x - 26 = -2*x. Calculate the greatest common divisor of m and 48.
16
Suppose 0 = 35*h + 526 - 3851. Calculate the greatest common divisor of h and 152.
19
Let d = -161 + 198. Suppose 14*c - 1332 = 5*c. What is the greatest common factor of c and d?
37
Let k be -6*((-6327)/54)/37. Let q be 382/10 + -1*1/5. What is the greatest common factor of q and k?
19
Suppose 7*l = -2*l + 27. Suppose 3*n = -l*c - 219, -2*c - 2*n = -6*n + 140. Let t be 616/18 + 16/c. What is the highest common factor of t and 17?
17
Let n(l) = -42*l + 212. Let o be n(5). Suppose -336 + 102 = -o*i. Let j be ((-3)/(-4))/((-2)/(-24)). What is the greatest common factor of j and i?
9
Let y = 429 - 211. Calculate the greatest common factor of 763 and y.
109
Let b be -25*(-30)/75 + 84. Calculate the greatest common factor of b and 5593.
47
Let v = 0 + 4. Suppose 24 = 4*t + 12. Suppose d - 16 = -t*q + 69, -70 = -2*q - v*d. What is the greatest common factor of 135 and q?
27
Suppose -504 = -4*f + f. Let g be 87 - (2 - 4 - -2 - -3). Let b = -60 + g. Calculate the highest common factor of f and b.
24
Let u = 1515 + 525. Calculate the greatest common factor of 90 and u.
30
Let f be (-9*2)/(6/(-4)). Suppose 12*t - 12 + 156 = 0. Let z be (-3)/t*12 + 0. What is the greatest common divisor of z and f?
3
Suppose -t = t - 0*t. Suppose 5*h - 106 = 5*a + 2*h, -h + 2 = t. Let m be ((-3)/((-21)/a))/(40/(-140)). Calculate the greatest common divisor of m and 2.
2
Let q = 18724 - 28029. Let n be q/(-45) - 6/(-27). What is the greatest common factor of 46 and n?
23
Let a(w) = -w**2 - 7*w - 7. Let o be a(-6). Let i be o/((9/105)/(-3)). Let q be i/(-15)*-9 + 3. What is the highest common divisor of q and 12?
12
Suppose 186 = 2*j + 2*c, 357 = 8*j - 4*j - c. Suppose -4*p - 30 = -5*p. Calculate the highest common factor of p and j.
30
Let h be (-1 + 3 - 89)*-4. Suppose -1706 = -3*v - 1634. What is the greatest common divisor of v and h?
12
Let q = 81 - 17. Suppose -1 = -x, -4*c + 483*x + 188 = 479*x. What is the highest common divisor of q and c?
16
Suppose 71 = k + 5*q + 41, -2*k = -2*q - 12. Calculate the greatest common factor of 59 and k.
1
Let r be 5811/65 + ((-2)/5 - -1). Let n be -12*(-9)/r*(-80)/(-6). What is the highest common factor of 16 and n?
16
Suppose 0 = -5*i + 5*m + 30, 3*i - 4*m = -7*m + 42. Suppose 2*o - 5*o + 255 = 0. What is the highest common factor of o and i?
5
Suppose -616 = -4*b + b + 5*i, -6*b = 3*i - 1245. Calculate the greatest common divisor of b and 483.
69
Let t = -7656 - -8645. What is the highest common divisor of t and 46?
23
Let i be (2 - -30) + 0/1. Let w(k) = 743*k + 23449. Let j be w(-31). Calculate the highest common divisor of j and i.
32
Suppose 5*d - k = 2615, 3*k + 20 = -k. Calculate the highest common factor of 18 and d.
18
Let j = 5955 + 3033. Calculate the greatest common divisor of j and 107.
107
Suppose -3*w + 330 - 57 = 4*p, -4*p - 5*w = -263. Let u = -1174 + 2326. Calculate the highest common factor of p and u.
72
Let p(o) = 5*o**2 - 36*o + 267. Let y be p(7). Calculate the highest common factor of 60 and y.
20
Let a be 56304/9108 - (-4)/(-6)*(-12)/(-44). Suppose 0*y + 3*y - 29 = -2*n, -3*y + 31 = 4*n. What is the highest common factor of a and y?
3
Let y(r) = r**2 - 5*r + 9. Let c be y(2). Suppose -2*z - 11 - 57 = -c*o, -5*z = -4*o + 79. Calculate the highest common factor of 598 and o.
26
Let t(o) = -6*o**3 + 15*o**2 - 46*o - 217. Let k be t(-8). Calculate the highest common divisor of 47 and k.
47
Suppose 8*u = 3*u - 75. Let b = 15 + u. Suppose 4*f + 4*f - 704 = b. What is the highest common divisor of 11 and f?
11
Let s(b) = 9*b - 47. Let v be s(5). Let l(o) = -10*o + 5. Let t be l(v). Suppose -55 = -5*u + t. What is the greatest common divisor of u and 2?
2
Let k = 2410 + -1586. Suppose w = 4*b + 3*w - k, -3*b = -2*w - 611. Let u = 150 - 109. What is the greatest common divisor of b and u?
41
Let a(i) = -2*i**2 - 26*i + 9. Let h(m) = -m**2 - 17*m - 54. Let y be h(-14). Let p be a(y). Calculat